{"id":742,"date":"2021-01-23T15:10:15","date_gmt":"2021-01-23T15:10:15","guid":{"rendered":"http:\/\/rifondazionegrosseto.com\/a-100-anni-dalla-nascita-del-partito-comunista-ditalia\/"},"modified":"2021-01-23T15:10:15","modified_gmt":"2021-01-23T15:10:15","slug":"a-100-anni-dalla-nascita-del-partito-comunista-ditalia","status":"publish","type":"page","link":"https:\/\/rifondazionegrosseto.com\/?page_id=742","title":{"rendered":"A 100 anni dalla nascita del Partito Comunista d&#8217;Italia."},"content":{"rendered":"\n<p class=\"wp-block-paragraph\">In mezzo al marasma delle varie crisi che attanagliano la societ\u00e0 italiana,crisi economica , crisi politica ,lontani sempre pi\u00f9 dai dettami della costituzione repubblicana nata dalla resistenza il tutto aggravato e reso ancora pi\u00f9 difficile dalla pandemia da covid-19 siamo giunti al traguardo dei 100 anni dalla nascita del Partito Comunista d&#8217;Italia trasformatosi poi in seguito in Partito Comunista Italiano. La nascita del Pcd&#8217;L per alcuni \u00e8 da sempre fumo negli occhi altri vorrebbero lasciarla nel dimenticatoio della storia, non \u00e8 ci\u00f2 che invece vogliamo noi del Partito Della Rifondazione Comunista ,quella esperienza non pu\u00f2 e non deve essere considerata superata, necessit\u00e0 sicuramente di essere analizzata e approfondita con la capacit\u00e0 di renderla attuale e applicabile nel periodo attuale senza cadere \u00a0nella sola nostalgia. In politica per\u00f2 se \u00e8 vero che \u00e8 importante ricordare la storia \u00e8 ancora pi\u00f9 vero che si deve avere la capacit\u00e0 di muoversi e operare all&#8217;interno della societ\u00e0 attuale ed \u00e8 questa che potrebbe essere la sintesi della Rifondazione Comunista . Sapere coniugare gli insegnamenti avuti dalla nostra storia \u00a0con la capacit\u00e0 e volont\u00e0 \u00a0di renderli attuali nel presente con l&#8217;obbiettivo che lo siano per noi e per le nuove generazioni. Con questo spirito , non dimenticando il passato, la mente nel presente e lo sguardo al futuro anche noi di Rifondazione Comunista Gioved\u00ec 21 saremo a Livorno a ricordare la nostra storia, una storia da non cancellare ma attualizzare ora come non mai. Circolo Rifondazione Comunista Grosseto<\/p>\n\n\n\n<figure class=\"wp-block-image size-large\"><img loading=\"lazy\" decoding=\"async\" width=\"640\" height=\"1138\" src=\"https:\/\/i0.wp.com\/rifondazionegrosseto.com\/wp-content\/uploads\/2021\/01\/img-20210121-wa00091397314958.jpg?resize=640%2C1138&#038;ssl=1\" alt=\"\" class=\"wp-image-741\" \/><\/figure>\n","protected":false},"excerpt":{"rendered":"<p>In mezzo al marasma delle varie crisi che attanagliano la societ\u00e0 italiana,crisi economica , crisi politica ,lontani sempre pi\u00f9 dai dettami della costituzione repubblicana nata dalla resistenza il tutto aggravato e reso ancora pi\u00f9 difficile dalla pandemia da covid-19 siamo giunti al traguardo dei 100 anni dalla nascita del Partito Comunista d&#8217;Italia trasformatosi poi in [&hellip;]<\/p>\n","protected":false},"author":142418367,"featured_media":0,"parent":0,"menu_order":0,"comment_status":"closed","ping_status":"closed","template":"","meta":{"_coblocks_attr":"","_coblocks_dimensions":"","_coblocks_responsive_height":"","_coblocks_accordion_ie_support":"","_crdt_document":"","advanced_seo_description":"","jetpack_seo_html_title":"","jetpack_seo_noindex":false,"jetpack_post_was_ever_published":false,"footnotes":""},"class_list":["post-742","page","type-page","status-publish","hentry"],"jetpack_likes_enabled":true,"jetpack_sharing_enabled":true,"jetpack_shortlink":"https:\/\/wp.me\/Pa7x6Y-bY","jetpack-related-posts":[{"id":581,"url":"https:\/\/rifondazionegrosseto.com\/?page_id=581","url_meta":{"origin":742,"position":0},"title":"10 anni di partito sociale","author":"Rifondazione Comunista Grosseto","date":"9 Febbraio 2020","format":false,"excerpt":"MASSIMA CONDIVISIONEIn dieci anni di Partito Sociale, abbiamo sviluppato pratiche specifiche di solidariet\u00e0 collettiva per rispondere ai bisogni individuali di chi vive le difficolt\u00e0 della crisi economica, sociale e culturale. Emerge, perci\u00f2, in maniera chiara il ruolo politicamente attivo del \u201cpartito sociale\u201d animato dai e dalle comunist*.Dieci anni di pratiche\u2026","rel":"","context":"Articolo simile","block_context":{"text":"Articolo simile","link":""},"img":{"alt_text":"","src":"https:\/\/i0.wp.com\/rifondazionegrosseto.com\/wp-content\/uploads\/2020\/02\/img-20200209-wa00001475429552.jpg?resize=350%2C200&ssl=1","width":350,"height":200,"srcset":"https:\/\/i0.wp.com\/rifondazionegrosseto.com\/wp-content\/uploads\/2020\/02\/img-20200209-wa00001475429552.jpg?resize=350%2C200&ssl=1 1x, https:\/\/i0.wp.com\/rifondazionegrosseto.com\/wp-content\/uploads\/2020\/02\/img-20200209-wa00001475429552.jpg?resize=525%2C300&ssl=1 1.5x, https:\/\/i0.wp.com\/rifondazionegrosseto.com\/wp-content\/uploads\/2020\/02\/img-20200209-wa00001475429552.jpg?resize=700%2C400&ssl=1 2x, https:\/\/i0.wp.com\/rifondazionegrosseto.com\/wp-content\/uploads\/2020\/02\/img-20200209-wa00001475429552.jpg?resize=1050%2C600&ssl=1 3x"},"classes":[]},{"id":680,"url":"https:\/\/rifondazionegrosseto.com\/?page_id=680","url_meta":{"origin":742,"position":1},"title":"Rifondazione Comunista contro i tagli alla sanit\u00e0","author":"Rifondazione Comunista Grosseto","date":"13 Giugno 2020","format":false,"excerpt":"Oggi sabato 13 giugno eravamo presenti come federazione provinciale del Partito Della Rifondazione Comunista in piazza Dante, lo abbiamo fatto con un presidio per rimarcare ancora una volta la nostra contrariet\u00e0 e indignazione ai tagli indiscriminati ai danni del servizio sanitario nazionale che ha subito attacchi da centro destra e\u2026","rel":"","context":"Articolo simile","block_context":{"text":"Articolo simile","link":""},"img":{"alt_text":"","src":"https:\/\/i0.wp.com\/rifondazionegrosseto.com\/wp-content\/uploads\/2020\/06\/img_20200613_135344_5361607459038.jpg?resize=350%2C200","width":350,"height":200,"srcset":"https:\/\/i0.wp.com\/rifondazionegrosseto.com\/wp-content\/uploads\/2020\/06\/img_20200613_135344_5361607459038.jpg?resize=350%2C200 1x, https:\/\/i0.wp.com\/rifondazionegrosseto.com\/wp-content\/uploads\/2020\/06\/img_20200613_135344_5361607459038.jpg?resize=525%2C300 1.5x, https:\/\/i0.wp.com\/rifondazionegrosseto.com\/wp-content\/uploads\/2020\/06\/img_20200613_135344_5361607459038.jpg?resize=700%2C400 2x"},"classes":[]},{"id":1060,"url":"https:\/\/rifondazionegrosseto.com\/?page_id=1060","url_meta":{"origin":742,"position":2},"title":"Rifondazione Comunista : elezioni amministrative Grosseto 2021","author":"Rifondazione Comunista Grosseto","date":"2 Giugno 2021","format":false,"excerpt":"Il Partito della Rifondazione Comunista in vista delle prossime amministrative che riguarderanno anche la nostra citt\u00e0 sta lavorando ormai da mesi su tre punti programmatici. Lo ha fatto curando gli argomenti pi\u00f9 vicini alle singole sensibilit\u00e0 di chi li ha stilati, attraverso la ricerca di fonti, notizie, ragguagli tecnici, contattando\u2026","rel":"","context":"In &quot;Amministrative 2021&quot;","block_context":{"text":"Amministrative 2021","link":"https:\/\/rifondazionegrosseto.com\/?cat=686701767"},"img":{"alt_text":"","src":"https:\/\/i0.wp.com\/rifondazionegrosseto.com\/wp-content\/uploads\/2021\/06\/wp-16228388109855168594253464602142.jpg?resize=350%2C200&ssl=1","width":350,"height":200,"srcset":"https:\/\/i0.wp.com\/rifondazionegrosseto.com\/wp-content\/uploads\/2021\/06\/wp-16228388109855168594253464602142.jpg?resize=350%2C200&ssl=1 1x, https:\/\/i0.wp.com\/rifondazionegrosseto.com\/wp-content\/uploads\/2021\/06\/wp-16228388109855168594253464602142.jpg?resize=525%2C300&ssl=1 1.5x, https:\/\/i0.wp.com\/rifondazionegrosseto.com\/wp-content\/uploads\/2021\/06\/wp-16228388109855168594253464602142.jpg?resize=700%2C400&ssl=1 2x, https:\/\/i0.wp.com\/rifondazionegrosseto.com\/wp-content\/uploads\/2021\/06\/wp-16228388109855168594253464602142.jpg?resize=1050%2C600&ssl=1 3x, https:\/\/i0.wp.com\/rifondazionegrosseto.com\/wp-content\/uploads\/2021\/06\/wp-16228388109855168594253464602142.jpg?resize=1400%2C800&ssl=1 4x"},"classes":[]},{"id":577,"url":"https:\/\/rifondazionegrosseto.com\/?page_id=577","url_meta":{"origin":742,"position":3},"title":"Cena di solidariet\u00e0 con la comunit\u00e0 cinese","author":"Rifondazione Comunista Grosseto","date":"7 Febbraio 2020","format":false,"excerpt":"Alla stampa cittadinaAgli organi di informazione radio televisiviGrosseto 07\/02\/2020Il Circolo di Grosseto del Partito della Rifondazione Comunista invita i cittadini a partecipare ad unacena che si terr\u00e0 presso il ristorante cinese Jin Lai Deng di Piazza de Maria la sera di sabato 15 febbraio apartire dalle ore 20,00L\u2019intento dell\u2019iniziativa \u00e8\u2026","rel":"","context":"Articolo simile","block_context":{"text":"Articolo simile","link":""},"img":{"alt_text":"","src":"https:\/\/i0.wp.com\/rifondazionegrosseto.com\/wp-content\/uploads\/2020\/02\/img-20200207-wa0003-804333538.jpg?resize=350%2C200&ssl=1","width":350,"height":200,"srcset":"https:\/\/i0.wp.com\/rifondazionegrosseto.com\/wp-content\/uploads\/2020\/02\/img-20200207-wa0003-804333538.jpg?resize=350%2C200&ssl=1 1x, https:\/\/i0.wp.com\/rifondazionegrosseto.com\/wp-content\/uploads\/2020\/02\/img-20200207-wa0003-804333538.jpg?resize=525%2C300&ssl=1 1.5x, https:\/\/i0.wp.com\/rifondazionegrosseto.com\/wp-content\/uploads\/2020\/02\/img-20200207-wa0003-804333538.jpg?resize=700%2C400&ssl=1 2x, https:\/\/i0.wp.com\/rifondazionegrosseto.com\/wp-content\/uploads\/2020\/02\/img-20200207-wa0003-804333538.jpg?resize=1050%2C600&ssl=1 3x"},"classes":[]},{"id":708,"url":"https:\/\/rifondazionegrosseto.com\/?page_id=708","url_meta":{"origin":742,"position":4},"title":"Un parlamento diverso","author":"Rifondazione Comunista Grosseto","date":"2 Settembre 2020","format":false,"excerpt":"UN PARLAMENTO DIVERSOLa riduzione del numero dei rappresentanti non determiner\u00e0 solamente un Parlamento pi\u00f9 piccolo con meno deputati e meno senatori, ma determiner\u00e0 un Parlamento diverso con una percentuale maggiore di seggi ai partiti pi\u00f9 grandi e la scomparsa di formazioni non omologate che, sebbene presenti ed attive nella societ\u00e0,\u2026","rel":"","context":"Articolo simile","block_context":{"text":"Articolo simile","link":""},"img":{"alt_text":"","src":"https:\/\/i0.wp.com\/rifondazionegrosseto.com\/wp-content\/uploads\/2019\/04\/img_20190430_001112_361.jpg?resize=350%2C200&ssl=1","width":350,"height":200,"srcset":"https:\/\/i0.wp.com\/rifondazionegrosseto.com\/wp-content\/uploads\/2019\/04\/img_20190430_001112_361.jpg?resize=350%2C200&ssl=1 1x, https:\/\/i0.wp.com\/rifondazionegrosseto.com\/wp-content\/uploads\/2019\/04\/img_20190430_001112_361.jpg?resize=525%2C300&ssl=1 1.5x, https:\/\/i0.wp.com\/rifondazionegrosseto.com\/wp-content\/uploads\/2019\/04\/img_20190430_001112_361.jpg?resize=700%2C400&ssl=1 2x, https:\/\/i0.wp.com\/rifondazionegrosseto.com\/wp-content\/uploads\/2019\/04\/img_20190430_001112_361.jpg?resize=1050%2C600&ssl=1 3x"},"classes":[]},{"id":1107,"url":"https:\/\/rifondazionegrosseto.com\/","url_meta":{"origin":742,"position":5},"title":"ISCRIVITI AL CIRCOLO&nbsp; DI RIFONDAZIONE COMUNISTA GROSSETO.","author":"Rifondazione Comunista Grosseto","date":"2 Giugno 2021","format":false,"excerpt":"Contattaci attraverso il modulo che trovi qui inserito , sar\u00e0 nostra premura ricontattarti al pi\u00f9 presto, potrai richiedere sia la tessera adulti\u00a0 sei hai compiuto i 30 anni di et\u00e0 oppure la tessera dei Giovani comunisti se hai dai 14 ai 29 anni","rel":"","context":"In &quot;Partecipazione popolare&quot;","block_context":{"text":"Partecipazione popolare","link":"https:\/\/rifondazionegrosseto.com\/?cat=686701804"},"img":{"alt_text":"","src":"https:\/\/i0.wp.com\/rifondazionegrosseto.com\/wp-content\/uploads\/2021\/06\/wp-16226506247445064819650357897839.png?resize=350%2C200&ssl=1","width":350,"height":200,"srcset":"https:\/\/i0.wp.com\/rifondazionegrosseto.com\/wp-content\/uploads\/2021\/06\/wp-16226506247445064819650357897839.png?resize=350%2C200&ssl=1 1x, https:\/\/i0.wp.com\/rifondazionegrosseto.com\/wp-content\/uploads\/2021\/06\/wp-16226506247445064819650357897839.png?resize=525%2C300&ssl=1 1.5x, https:\/\/i0.wp.com\/rifondazionegrosseto.com\/wp-content\/uploads\/2021\/06\/wp-16226506247445064819650357897839.png?resize=700%2C400&ssl=1 2x"},"classes":[]}],"amp_enabled":true,"_links":{"self":[{"href":"https:\/\/rifondazionegrosseto.com\/index.php?rest_route=\/wp\/v2\/pages\/742","targetHints":{"allow":["GET"]}}],"collection":[{"href":"https:\/\/rifondazionegrosseto.com\/index.php?rest_route=\/wp\/v2\/pages"}],"about":[{"href":"https:\/\/rifondazionegrosseto.com\/index.php?rest_route=\/wp\/v2\/types\/page"}],"author":[{"embeddable":true,"href":"https:\/\/rifondazionegrosseto.com\/index.php?rest_route=\/wp\/v2\/users\/142418367"}],"replies":[{"embeddable":true,"href":"https:\/\/rifondazionegrosseto.com\/index.php?rest_route=%2Fwp%2Fv2%2Fcomments&post=742"}],"version-history":[{"count":0,"href":"https:\/\/rifondazionegrosseto.com\/index.php?rest_route=\/wp\/v2\/pages\/742\/revisions"}],"wp:attachment":[{"href":"https:\/\/rifondazionegrosseto.com\/index.php?rest_route=%2Fwp%2Fv2%2Fmedia&parent=742"}],"curies":[{"name":"wp","href":"https:\/\/api.w.org\/{rel}","templated":true}]}}